4
What is the remainder when 44889 is divided by 21895?
1099
Calculate the remainder when 211683 is divided by 658.
465
Calculate the remainder when 754410 is divided by 400.
10
Calculate the remainder when 125588 is divided by 2437.
1301
Calculate the remainder when 183442649 is divided by 3.
2
Calculate the remainder when 6723571 is divided by 2115.
2101
Calculate the remainder when 3586932 is divided by 3065.
882
What is the remainder when 93677 is divided by 7165?
532
Calculate the remainder when 41227 is divided by 20304.
619
What is the remainder when 21810043 is divided by 29080?
43
What is the remainder when 144233379 is divided by 753?
747
What is the remainder when 961651 is divided by 46?
21
Calculate the remainder when 157781 is divided by 78886.
9
What is the remainder when 22977 is divided by 11485?
7
Calculate the remainder when 19943 is divided by 183.
179
What is the remainder when 30497 is divided by 10031?
404
What is the remainder when 893514 is divided by 1752?
1746
Calculate the remainder when 35991331 is divided by 2423.
89
What is the remainder when 289038 is divided by 508?
494
Calculate the remainder when 122956 is divided by 30681.
232
Calculate the remainder when 3503815 is divided by 43.
3
Calculate the remainder when 45161626 is divided by 152.
146
Calculate the remainder when 46321620 is divided by 15440525.
45
Calculate the remainder when 403416 is divided by 6955.
26
Calculate the remainder when 251606 is divided by 1506.
104
What is the remainder when 247224 is divided by 615?
609
What is the remainder when 14881255 is divided by 164?
59
What is the remainder when 373712 is divided by 373478?
234
What is the remainder when 2013345 is divided by 2189?
1654
What is the remainder when 2505156 is divided by 501025?
31
Calculate the remainder when 2557817 is divided by 73027.
1872
Calculate the remainder when 47438977 is divided by 687521.
28
Calculate the remainder when 2781919 is divided by 111.
37
What is the remainder when 116211 is divided by 559?
498
What is the remainder when 12145 is divided by 634?
99
Calculate the remainder when 955223 is divided by 53051.
305
Calculate the remainder when 1725617 is divided by 1725533.
84
Calculate the remainder when 1310223 is divided by 212.
63
Calculate the remainder when 48420 is divided by 1463.
141
What is the remainder when 1905723 is divided by 366?
327
Calculate the remainder when 2666537 is divided by 258.
107
Calculate the remainder when 6685295 is divided by 4579.
4534
What is the remainder when 217660 is divided by 5579?
79
What is the remainder when 3097376 is divided by 51?
44
Calculate the remainder when 52830178 is divided by 3589.
98
Calculate the remainder when 720690 is divided by 3793.
20
What is the remainder when 193964 is divided by 506?
166
Calculate the remainder when 112023 is divided by 37170.
513
What is the remainder when 7039434 is divided by 2162?
2124
Calculate the remainder when 70305 is divided by 389.
285
What is the remainder when 131999 is divided by 131780?
219
Calculate the remainder when 64148 is divided by 248.
164
Calculate the remainder when 966856 is divided by 20.
16
What is the remainder when 101598787 is divided by 507?
43
Calculate the remainder when 665224 is divided by 1697.
0
Calculate the remainder when 10243152 is divided by 6119.
6065
Calculate the remainder when 57020 is divided by 2868.
2528
What is the remainder when 1575253 is divided by 68454?
811
Calculate the remainder when 6624 is divided by 754.
592
Calculate the remainder when 774652 is divided by 8344.
7004
What is the remainder when 69711 is divided by 89?
24
Calculate the remainder when 2774990 is divided by 46.
40
What is the remainder when 19142967 is divided by 117?
12
Calculate the remainder when 638703 is divided by 286.
65
Calculate the remainder when 117848 is divided by 23505.
323
Calculate the remainder when 20604 is divided by 9816.
972
What is the remainder when 253558 is divided by 8551?
5579
Calculate the remainder when 39040 is divided by 2635.
2150
What is the remainder when 11134509 is divided by 79?
12
What is the remainder when 16296 is divided by 455?
371
Calculate the remainder when 19001212 is divided by 2382.
2380
Calculate the remainder when 12594 is divided by 314.
34
What is the remainder when 2524488 is divided by 199?
173
What is the remainder when 228698 is divided by 308?
162
Calculate the remainder when 270479817 is divided by 6.
3
Calculate the remainder when 1285986 is divided by 1273.
256
Calculate the remainder when 101125 is divided by 100998.
127
Calculate the remainder when 3538962 is divided by 442367.
26
What is the remainder when 1932500 is divided by 2377?
2376
Calculate the remainder when 73570 is divided by 36093.
1384
What is the remainder when 21600499 is divided by 119?
95
What is the remainder when 30760951 is divided by 99550?
1
Calculate the remainder when 8638395 is divided by 3792.
219
Calculate the remainder when 1639330 is divided by 196.
182
Calculate the remainder when 3182647 is divided by 13.
0
What is the remainder when 108280 is divided by 52382?
3516
Calculate the remainder when 2915201 is divided by 2993.
19
Calculate the remainder when 23203014 is divided by 2055.
9
What is the remainder when 2117509 is divided by 19?
16
Calculate the remainder when 293091 is divided by 1062.
1041
Calculate the remainder when 15141688 is divided by 344129.
12
What is the remainder when 319370 is divided by 4?
2
What is the remainder when 29963104 is divided by 5992620?
4
Calculate the remainder when 15587518 is divided by 15857.
87
Calculate the remainder when 6302926 is divided by 1260585.
1
What is the remainder when 88326 is divided by 87312?
1014
Calculate the remainder when 167360 is divided by 1328.
32
What is the remainder when 3008601 is divided by 3007960?
641
What is the remainder when 18368 is divided by 5707?
1247
Calculate the remainder when 13000190 is divided by 13000150.
40
Calculate the remainder when 5272377 is divided by 15.
12
Calculate the remainder when 2985282 is divided by 3186.
0
What is the remainder when 857297 is divided by 941?
46
What is the remainder when 1552959 is divided by 8049?
7551
What is the remainder when 3504840 is divided by 1168038?
726
What is the remainder when 85340 is divided by 42654?
32
Calculate the remainder when 352632174 is divided by 3044.
3038
Calculate the remainder when 86128851 is divided by 4503.
4473
Calculate the remainder when 9922420 is divided by 25.
20
What is the remainder when 16519850 is divided by 1282?
1280
Calculate the remainder when 189658 is divided by 2398.
216
What is the remainder when 33124 is divided by 3987?
1228
Calculate the remainder when 19604 is divided by 9623.
358
What is the remainder when 905674 is divided by 301696?
586
What is the remainder when 1024201 is divided by 165?
46
What is the remainder when 84552 is divided by 14092?
0
What is the remainder when 862572 is divided by 329?
263
What is the remainder when 18482572 is divided by 582?
580
What is the remainder when 2916462 is divided by 1508?
1498
What is the remainder when 6102449 is divided by 587?
584
What is the remainder when 3006587 is divided by 19780?
27
What is the remainder when 96340048 is divided by 353?
347
Calculate the remainder when 5720824 is divided by 133041.
61
What is the remainder when 1945506 is divided by 28?
10
Calculate the remainder when 5118727 is divided by 635.
627
Calculate the remainder when 63993 is divided by 21219.
336
What is the remainder when 1758966 is divided by 967?
960
Calculate the remainder when 29854547 is divided by 9951510.
17
What is the remainder when 220753246 is divided by 395?
386
Calculate the remainder when 37981966 is divided by 135.
121
What is the remainder when 33182 is divided by 3298?
202
What is the remainder when 8555 is divided by 4223?
109
What is the remainder when 1369990 is divided by 456648?
46
What is the remainder when 1934427 is divided by 19537?
264
Calculate the remainder when 4137584 is divided by 2068729.
126
What is the remainder when 1442062 is divided by 865?
107
What is the remainder when 41900 is divided by 47?
23
What is the remainder when 142833 is divided by 207?
3
What is the rem